v)?
10
Suppose 4 = -4*j, u = -6*j + 2*j + 1. Let g(c) = c - 5 + u*c - 2*c - 3*c. Give g(-4).
-9
Let z be ((-12)/(-150) - (-270)/(-250))*(0 - 5). Let m(g) = -g**3 + 9*g**2 - 14*g + 10. Determine m(z).
40
Let l(p) = p + 4 - 2*p - 12. Let q = -1348 - -936. Let z = q + 405. Calculate l(z).
-1
Let l(y) be the first derivative of 8*y**2 - y + 2. Let q(v) = 3*v. Let i(j) = -2*l(j) + 11*q(j). Let a = -22 + 14. What is i(a)?
-6
Suppose 2*h - 1 + 2 = -5*p, 4*h + 3*p - 5 = 0. Let j(u) = 15*u**2 + 19*u**2 - 29*u**h. Determine j(1).
5
Let w(r) = -358 + 53*r - 28*r + 388 - 30*r. Give w(10).
-20
Let a(y) = -74*y. Let q(n) = -7*n**2 + 29*n - 3. Let i be q(4). What is a(i)?
-74
Let t be 49/(1078/(-176)) - (0 - 10). Let q(i) = 4*i**2 + 3*i - 9. Calculate q(t).
13
Let l(q) = -2*q**2 + q + 2. Suppose 4*u = -2*v - 560, 5*v - 151 - 564 = 5*u. Let r = 144 + u. What is l(r)?
-13
Let d = -8 + 20. Let m = d + -9. Let v(n) = 27*n - 1. Let q(a) = -9*a. Let b(o) = 8*q(o) + 3*v(o). Calculate b(m).
24
Let s(x) be the third derivative of -7*x**4/24 + 37*x**3/6 - 5040*x**2. What is s(7)?
-12
Let v(t) = 2*t**2 + 5*t + 38. Let w(d) = 4*d**2 + 9*d + 67. Let g(c) = 7*v(c) - 4*w(c). What is g(-3)?
-17
Let v(t) = -6*t - 3. Let h = 153 - 145. Let a(y) = 4*y + 2. Let n(d) = h*a(d) + 5*v(d). Let g(x) = -x**2 + 6*x - 7. Let f be g(5). What is n(f)?
-3
Let f(u) = -u**2 - 9*u - 10. Let r = -163 - 141. Let x = r - -297. Calculate f(x).
4
Let u(n) be the second derivative of -7*n**3/6 + 43*n**2 - 3346*n. Determine u(8).
30
Let z(v) = 2 - 4*v - v**3 + 105*v**2 - 42*v**2 - 59*v**2. What is z(5)?
-43
Suppose -4*b - 6*b + 890 = 0. Let v(m) = -9*m + 171 - 82 - b. Determine v(-2).
18
Let v(g) = 2*g - 5. Let c(j) = j**2 + j - 1. Let o(u) = -5*c(u) + v(u). Let l be -1 + -2 + -1 + 1. Give o(l).
-36
Let j(o) = -o**3 - o - 2. Let l = 428 + -428. Suppose l = -7*h + 4*h + 5*q, 0 = -h + 4*q. Give j(h).
-2
Let n(r) = -95*r**2 + 118*r + 170. Let q(i) = 7*i**2 - 9*i - 13. Let v(y) = 2*n(y) + 27*q(y). Give v(-6).
-5
Let w(q) = q**3 - q**2 - 2*q. Suppose -195 = 7*r - 489. Let b = -33 + r. Suppose -4*a = -a - b. What is w(a)?
12
Let u(w) = -7076*w + 10. Let p(i) = -737*i + 1. Let m(h) = 48*p(h) - 5*u(h). Suppose 2 - 5 = o. What is m(o)?
-14
Let a(s) = 0*s**3 + 146*s + 7 - 73*s - 11*s**2 - 6 - s**3 - 82*s. Calculate a(-10).
-9
Let l(u) be the second derivative of 0 - 1/60*u**5 + 4/3*u**3 - 7*u + 0*u**2 + 1/6*u**4. Let c(m) be the second derivative of l(m). Give c(-3).
10
Let n(v) = -5 - 10 - 9 + 7*v + v + 8. Let x(o) = -13*o + 30. Let b(y) = 10*n(y) + 6*x(y). Calculate b(-7).
6
Let l(q) = -2*q - 10. Let g(z) = z**3 + 14*z**2 + 26*z - 28. Let c be g(-13). Let j = c + 188. What is l(j)?
8
Let l be -25 - (-24 - (12 + 9)). Let h(j) = -2*j**3 + 40*j**2 - 4*j + 70. Determine h(l).
-10
Let f(s) = -3*s**3 - 16*s**2 + 19*s + 1. Let m(n) = 2*n**3 + 8*n**2 - 10*n + 1. Let v(a) = 3*f(a) + 5*m(a). Calculate v(7).
8
Let w = 44 - 49. Let d(a) = -56*a + 27*a + 23*a + 5 + 2*a**2 - 4*a**2. Give d(w).
-15
Suppose -2*r = -5*i + 23, -11 = -2*r + 6*r - 3*i. Let j(f) be the second derivative of -f**3/2 + f**2 + 2963*f. Determine j(r).
-1
Let g(t) = 3*t**3 + 8*t**2 - 6*t - 12. Suppose 30 = 17547*h - 17557*h. Calculate g(h).
-3
Let p(j) = j**3 - 7*j**2 - 10*j + 7. Let r = -423 + 524. Suppose 0 = 76*k - r*k + 200. What is p(k)?
-9
Let x(h) = -h**2 + 4*h + 10. Let f be x(5). Suppose -2*q = f*z - q - 20, -11 = 3*z - 4*q. Let a(u) = 4*u + 3*u + 0*u + u**2 + 3 - z*u. Calculate a(-3).
0
Suppose p = -2*p - 2*m - 1, 0 = m - 1. Let w(n) = 23*n + 19. Let s(x) = 13*x + 11. Let u(b) = -5*s(b) + 3*w(b). Calculate u(p).
-2
Suppose -5*k + 3*b + 27 = 0, 5*k - 3*b - 29 = -2*b. Let z(y) = -25*y + 7. Let m(t) = -3*t + 1. Let i(f) = k*z(f) - 51*m(f). What is i(7)?
12
Let j(i) be the third derivative of -i**6/120 - 3*i**5/20 + i**4/24 + 3*i**3/2 + i**2. Let p = 1812 + -1613. Suppose 72*z - p + 847 = 0. Calculate j(z).
0
Let s = 272 - 272. Let h(n) = -2*n + n**2 + 0*n + 3*n + 4 - n**3 + s*n. Suppose 4*x - 4*r = 24, 3*x - 24 = r + 4*r. Give h(x).
-11
Let g(b) = -b**2 - 9*b + 42. Suppose 387*r + 1825 - 1906 = -4725. What is g(r)?
6
Let s(y) = 127*y - 3182. Let b be s(25). Let i(m) = -m**2 + m + 12. What is i(b)?
-44
Let g be (-4)/(-152) + (-109)/4142. Let c(u) = -2*u**2 + 13. Give c(g).
13
Let s(x) = x**2 - 13*x + 17. Let q be s(12). Let z(h) = 6 - q*h + 6*h - 2. Let r(t) = -t**3 + 15*t**2 + 54*t - 3. Let y be r(18). Calculate z(y).
1
Suppose -4*q - 28 = -i - i, -3*q = -i + 19. Let w(m) = 81 - 160 + 76 - 4*m. Calculate w(i).
-19
Let n(l) = l + 3. Suppose 4*d + 17 = 53. Suppose 5*j - 3*m + 17 = -d, -4 = -2*m. Let w(y) = -y**2 - 4*y - 3. Let v be w(j). Determine n(v).
0
Suppose -2*h - 191 = -6*h - a, -5*a = -4*h + 173. Let q(w) = -74 + h*w + 81 - 46*w. Calculate q(-6).
1
Let a(v) = -v**2 - 10*v + 10. Suppose -69*m + 1038 + 711 = -228*m. What is a(m)?
-1
Let m(d) = 34*d + 858. Let x be m(-24). Let o(s) = s - 40. What is o(x)?
2
Let h(a) = 1. Let b(s) = -3*s + 3. Let p(r) = b(r) - 2*h(r). Let l be (-1)/2 + 30/(-80) + (-207)/(-72). Determine p(l).
-5
Let r(v) = 5*v**2 + 8*v + 4. Let c(j) = -7*j**2 - 7*j - 5. Let u(z) = 2*c(z) + 3*r(z). Let o = -6 + -1. Calculate u(o).
-19
Let i(p) = -21*p - 525. Let c(h) = -5*h - 128. Let l(w) = -33*c(w) + 8*i(w). What is l(5)?
9
Let n(h) = 7*h**3 + 13*h**2 + 13*h + 8. Let z(b) = -9*b**3 - 14*b**2 - 13*b - 7. Let y(c) = 4*n(c) + 3*z(c). Calculate y(-9).
-25
Let f(g) be the second derivative of g**3 - 19*g**2 - 339*g. What is f(9)?
16
Let p(t) be the second derivative of -t**4/4 + 2*t**3/3 - 3*t**2/2 + 2*t. Let m(h) = -55*h - 4783. Let g be m(-87). Give p(g).
-7
Suppose -41*n + 59 = -38 - 26. Let c(u) = -3*u**2 - 4*u + 1. What is c(n)?
-38
Let c(u) = 11*u**3 - 22*u**2 + 15*u + 289. Let x(o) = 27*o**3 - 56*o**2 + 36*o + 719. Let r(m) = -22*c(m) + 9*x(m). Calculate r(20).
-7
Let i(z) be the third derivative of z**6/120 + z**5/10 - z**4/4 + 5*z**3/6 + 295*z**2. Determine i(-7).
-2
Let x(h) be the first derivative of -h**4/4 - 5*h**3/3 - h**2 + h + 4779. Let d be (25/20)/((-1)/4). What is x(d)?
11
Let w(u) = 37*u - 2212. Let b be w(60). Let p(s) = s**3 - 8*s**2 - 4*s + 25. Calculate p(b).
-7
Let w(t) = t. Let g(c) = -4*c - 1. Let u = 405 + -404. Let f(r) = u*g(r) + 5*w(r). Calculate f(-3).
-4
Let k(f) be the first derivative of f**4/4 + 5*f**3/3 + 5*f**2/2 - 2*f - 5778. What is k(-3)?
1
Let g(k) be the first derivative of k**4/4 - 4*k**3/3 + 2*k**2 - k - 7. Suppose -114*y = -138*y + 72. Give g(y).
2
Let p(h) = -13291*h - 13297*h - 12 + 26595*h. Calculate p(-2).
-26
Let s(t) = -t + 2. Let v be s(-4). Let y(k) = 2*k**2 - k**2 - v*k - 3 + k + 4*k. Let i = 467 - 470. Calculate y(i).
9
Let p(r) = 27*r**2 - 16*r + 249. Let b(u) = -5*u**2 + 3*u - 44. Let y(k) = 11*b(k) + 2*p(k). Let n = 5 + -5. Calculate y(n).
14
Let a = 781 - 781. Let u(l) = -l**2 + 1. Let v = -10 + 16. Let x(n) = 5*n**2 + n - 18. Let s(g) = v*u(g) + x(g). What is s(a)?
-12
Let y(r) be the first derivative of r**4/4 - 58*r**3/3 + 63*r**2/2 - 346*r + 3792. Calculate y(57).
-4
Let z(q) be the second derivative of q**5/20 - q**4/3 + 7*q**3/6 - 5*q**2/2 - 11*q. Let k be -2 + 1/(-1) + 7. What is z(k)?
23
Suppose -57973 = 4*t - 57901. Let g(m) = -5*m - 94. Give g(t).
-4
Let d(n) = 23*n + 2*n**2 + 2 + 17*n**2 - 6*n**2 + 0 - 15*n**2. Determine d(15).
-103
Let c(v) = v - 1. Let t(j) = j**3 + 4*j**2 - 7*j - 7. Let r be t(-5). Suppose r*x + 2 = -y - 0*y, 5*x = 4*y + 8. Determine c(x).
-1
Let d(v) = -66*v - 3. Let j(p) = -46*p - 3. Let s(f) = -2*d(f) + 3*j(f). What is s(0)?
-3
Let q = 6806 + -6816. Let l(m) = -7*m - 59. Give l(q).
11
Let q(y) be the first derivative of 2*y**2 - 7*y + 3. Let v(i) = 12*i + i**2 + 10*i - 23 + 28. Let p be v(-22). Determine q(p).
13
Let s(b) = 12*b + 375. Let p = 6417 + -6448. What is s(p)?
3
Let r(v) = 2*v - 11. Suppose -10 = -25*x + 23*x. Let l be (-93)/x - (-2)/(-5). Let n = l - -27. Calculate r(n).
5
Let t = -248 + 240. Let v(y) = -9*y**2 - y**3 - 637*y + 1274*y - 638*y. Give v(t).
-56
Let s(p) = -p**2 + 26*p - 88. Let t be 162/(-324) - (1 - 45/2). Calculate s(t).
17
Let u(j) = j**2 - 7*j - 7. Let z = 96 + -97. Let t be (65 + -77)*z*(-1)/(-2). Calculate u(t).
-13
Let o(b) be the second derivative of -17*b**3/6 + 70*b**2 - 2736*b. Determine o(8).
4